{"id":543,"date":"2007-12-27T20:18:29","date_gmt":"2007-12-27T19:18:29","guid":{"rendered":"https:\/\/www.cestanahoru.org\/?page_id=543"},"modified":"2009-03-03T15:51:34","modified_gmt":"2009-03-03T14:51:34","slug":"spiritualita-radu","status":"publish","type":"page","link":"https:\/\/www.cestanahoru.org\/?page_id=543","title":{"rendered":"Spiritualita na\u0161eho \u0159\u00e1du"},"content":{"rendered":"<p class=\"nadpis1\">Spiritualita na\u0161eho \u0159\u00e1du<\/p>\n<ul>\n<li><strong>Ustavi\u010dn\u00e1 modlitba<\/strong><\/li>\n<\/ul>\n<div>Jsme povol\u00e1ny k n\u00e1sledov\u00e1n\u00ed Krista v \u0159eholn\u00ed rodin\u011b, kterou jej\u00ed zakladatelka u\u017e od po\u010d\u00e1tku<img loading=\"lazy\" decoding=\"async\" id=\"image561\" src=\"https:\/\/www.cestanahoru.org\/wp-content\/zvonice.thumbnail.jpg\" alt=\"zvonice.jpg\" width=\"70\" height=\"94\" align=\"right\" \/> o\u017eivovala duchem modlitby terezi\u00e1nsk\u00e9ho Karmelu, proto usilujeme \u017e\u00edt v plnosti ide\u00e1l ustavi\u010dn\u00e9 modlitby. Z tohoto zdroje toti\u017e \u010derp\u00e1 radost \u010dinn\u00e1 l\u00e1ska ke v\u0161em lidem. Tak\u00e9 na\u0161e prvn\u00ed komunity se rodily z tich\u00e9 kontemplace a kontemplaci bez jak\u00fdchkoliv pochyb byla d\u00e1v\u00e1na p\u0159ednost p\u0159ede v\u0161\u00edm ostatn\u00edm a tak to m\u00e1 b\u00fdt i pro dcery, kter\u00e9 se naz\u00fdvaj\u00ed dcerami svat\u00e9 Terezie, matky a u\u010ditelky \u017eivota modlitby. Proto v duchu terezi\u00e1nsk\u00e9ho Karmelu a podle stylu na\u0161\u00ed zakladatelky nade v\u0161e jin\u00e9 hled\u00e1me a milujeme Boha, kter\u00fd n\u00e1s miloval jako prvn\u00ed.<\/div>\n<p><strong><br \/>\n<\/strong><\/p>\n<ul>\n<li><strong>\u017divot ve spole\u010denstv\u00ed sester<\/strong><\/li>\n<\/ul>\n<p align=\"left\">Spojeny v\u00edrou a l\u00e1skou ke Kristu, je\u017e jako prvn\u00ed n\u00e1s povolal do spole\u010denstv\u00ed sester<img decoding=\"async\" id=\"image562\" src=\"https:\/\/www.cestanahoru.org\/wp-content\/velka-skupina.thumbnail.jpg\" alt=\"velka-skupina.jpg\" align=\"right\" \/> karmelitek sv. Terezie, tvo\u0159\u00edme specifickou \u201erodinu\u201c, postavenou na z\u00e1kladech evangelia. Chceme b\u00fdt \u201ejedn\u00edm srdcem a jednou du\u0161\u00ed\u201c a vytrvat ve spole\u010denstv\u00ed \u017eivota, modlitby a apo\u0161tol\u00e1tu, v \u017eivot\u011b, kter\u00fd se zakl\u00e1d\u00e1 na \u201enov\u00e9m p\u0159ik\u00e1z\u00e1n\u00ed\u201c Krista ustanoven\u00e9m v p\u0159edve\u010der jeho umu\u010den\u00ed, kdy\u017e odhalil hloubku sv\u00e9 l\u00e1sky.\u201c Sestersk\u00e1 l\u00e1ska z n\u00e1s \u010din\u00ed spole\u010denstv\u00ed milosti v P\u00e1nu. Na\u0161e l\u00e1ska v\u0161ak, po Kristov\u011b vzoru, nem\u00e1 b\u00fdt v\u00fdlu\u010dn\u00e1, ale otev\u00edr\u00e1 se v\u0161em, bez v\u00fdhrad, p\u0159ekon\u00e1v\u00e1 osobn\u00ed limity, rozd\u00edly povah, v\u011bku, rol\u00ed a n\u00e1rodnost\u00ed. Tvo\u0159\u00ed tak\u00e9 z\u00e1klad p\u0159\u00e1telsk\u00e9ho ovzdu\u0161\u00ed, kter\u00e9 je rozv\u00edjeno v up\u0159\u00edmn\u00e9m porozum\u011bn\u00ed a p\u0159edpokl\u00e1d\u00e1 pokoru, velkorysost a vz\u00e1jemnou slu\u017ebu.<\/p>\n<ul>\n<li><strong>Apo\u0161tolsk\u00e1 slu\u017eba v c\u00edrkvi<\/strong><\/li>\n<\/ul>\n<div>N\u00e1\u0161 zasv\u011bcen\u00fd \u017eivot je sou\u010d\u00e1st\u00ed \u017eivota c\u00edrkve. B\u016fh charisma na\u0161\u00ed zakladatelky daroval c\u00edrkvi a je to c\u00edrkev, kdo p\u0159ij\u00edm\u00e1 na\u0161i odpov\u011b\u010f na Bo\u017e\u00ed povol\u00e1n\u00ed a pr\u00e1v\u011b v n\u00ed se zasv\u011bcujeme jedin\u00e9 L\u00e1sce. V\u011brnost\u00ed sv\u011b\u0159en\u00e9mu daru a \u00fasil\u00edm obohatit ho vlastn\u00edm \u017eivotem jsme c\u00edrkv\u00ed, j\u00ed slou\u017e\u00edme uskute\u010d\u0148ujeme na\u0161e specifick\u00e9 posl\u00e1n\u00ed, tj. \u017eivotem vnit\u0159n\u00ed modlitby a eucharistick\u00e9 adorace napom\u00e1hat druh\u00fdm lidem k setk\u00e1n\u00ed s Kristem. Na\u0161e zakladatelka, vedena Duchem svat\u00fdm, brzy spojila kontemplaci s \u010dinnost\u00ed, aby se harmonick\u00e9 propojen\u00ed obou skute\u010dnost\u00ed stalo z\u00e1kladn\u00edm rysem identity jej\u00edch dcer. M\u00e1me tedy v prv\u00e9 \u0159ad\u011b db\u00e1t o neust\u00e1lou vnit\u0159n\u00ed modlitbu, jak tomu u\u010d\u00ed Karmel, a p\u0159itom se v\u011bnovat i apo\u0161tolsk\u00e9 slu\u017eb\u011b.<\/div>\n<p align=\"left\">Z\u00e1klad a \u00faheln\u00fd k\u00e1men v\u0161ech na\u0161ich aktivit tvo\u0159\u00ed eucharistick\u00e1 adorace, kterou pova\u017eujeme za n\u00e1\u0161 prvn\u00ed  apo\u0161tolsk\u00fd \u00fakol. Vedle toho, ve stop\u00e1ch na\u0161\u00ed zakladatelky, kter\u00e1 pro formaci mlad\u00fdch lid\u00ed ne\u0161et\u0159ila ve\u0161ker\u00fdm sv\u00fdm lidsk\u00fdm a duchovn\u00edm bohatstv\u00edm, pova\u017eujeme za<img decoding=\"async\" id=\"image563\" src=\"https:\/\/www.cestanahoru.org\/wp-content\/postulantka-s-vecnou.thumbnail.jpg\" alt=\"postulantka-s-vecnou.jpg\" align=\"right\" \/> d\u016fle\u017eitou sou\u010d\u00e1st na\u0161eho apo\u0161tol\u00e1tu v\u00fdchovu a vzd\u011bl\u00e1v\u00e1n\u00ed. S hlubokou \u00factou k lidsk\u00e9 d\u016fstojnosti usilujeme o formaci \u010dlov\u011bka po lidsk\u00e9 i duchovn\u00ed str\u00e1nce.<\/p>\n<div>Jako karmelitky se sna\u017e\u00edme poskytovat podporu druh\u00fdm v jejich duchovn\u00edm r\u016fstu, aby ka\u017ed\u00fd k\u0159es\u0165an do st\u0159edu sv\u00e9 existence kladl osobu Je\u017e\u00ed\u0161e Krista a v\u0161echny sv\u00e9 volby konal v n\u011bm. Pova\u017eujeme to za d\u016fle\u017eit\u00e9 pro v\u0161echen n\u00e1\u0161 apo\u0161tol\u00e1t a zvl\u00e1\u0161t\u011b pro na\u0161e p\u016fsoben\u00ed v exerci\u010dn\u00edch domech apod. P\u0159ejeme si, aby v nich druz\u00ed m\u011bli podm\u00ednky, je\u017e host\u016fm napom\u00e1haj\u00ed prohloubit vztah k Bohu a zral\u00fd pohled v\u00edry na sv\u011bt, ve kter\u00e9m \u017eijeme.<\/div>\n","protected":false},"excerpt":{"rendered":"<p>Spiritualita na\u0161eho \u0159\u00e1du Ustavi\u010dn\u00e1 modlitba Jsme povol\u00e1ny k n\u00e1sledov\u00e1n\u00ed Krista v \u0159eholn\u00ed rodin\u011b, kterou jej\u00ed zakladatelka u\u017e od po\u010d\u00e1tku o\u017eivovala duchem modlitby terezi\u00e1nsk\u00e9ho Karmelu, proto usilujeme \u017e\u00edt v plnosti ide\u00e1l ustavi\u010dn\u00e9 modlitby. Z tohoto zdroje toti\u017e \u010derp\u00e1 radost \u010dinn\u00e1 l\u00e1ska ke v\u0161em lidem. Tak\u00e9 na\u0161e prvn\u00ed komunity se rodily z tich\u00e9 kontemplace a kontemplaci bez [&hellip;]<\/p>\n","protected":false},"author":3,"featured_media":0,"parent":45,"menu_order":0,"comment_status":"open","ping_status":"open","template":"","meta":{"footnotes":""},"_links":{"self":[{"href":"https:\/\/www.cestanahoru.org\/index.php?rest_route=\/wp\/v2\/pages\/543"}],"collection":[{"href":"https:\/\/www.cestanahoru.org\/index.php?rest_route=\/wp\/v2\/pages"}],"about":[{"href":"https:\/\/www.cestanahoru.org\/index.php?rest_route=\/wp\/v2\/types\/page"}],"author":[{"embeddable":true,"href":"https:\/\/www.cestanahoru.org\/index.php?rest_route=\/wp\/v2\/users\/3"}],"replies":[{"embeddable":true,"href":"https:\/\/www.cestanahoru.org\/index.php?rest_route=%2Fwp%2Fv2%2Fcomments&post=543"}],"version-history":[{"count":1,"href":"https:\/\/www.cestanahoru.org\/index.php?rest_route=\/wp\/v2\/pages\/543\/revisions"}],"predecessor-version":[{"id":1867,"href":"https:\/\/www.cestanahoru.org\/index.php?rest_route=\/wp\/v2\/pages\/543\/revisions\/1867"}],"up":[{"embeddable":true,"href":"https:\/\/www.cestanahoru.org\/index.php?rest_route=\/wp\/v2\/pages\/45"}],"wp:attachment":[{"href":"https:\/\/www.cestanahoru.org\/index.php?rest_route=%2Fwp%2Fv2%2Fmedia&parent=543"}],"curies":[{"name":"wp","href":"https:\/\/api.w.org\/{rel}","templated":true}]}}

Spiritualita našeho řádu

<p class="nadpis1">Spiritualita našeho řádu</p>
<ul>
<li><strong>Ustavičná modlitba</strong></li>
</ul>
<div>Jsme povolány k následování Krista v řeholní rodině, kterou její zakladatelka už od počátku<img loading="lazy" decoding="async" id="image561" src="https://www.cestanahoru.org/wp-content/zvonice.thumbnail.jpg" alt="zvonice.jpg" width="70" height="94" align="right" /> oživovala duchem modlitby tereziánského Karmelu, proto usilujeme žít v plnosti ideál ustavičné modlitby. Z tohoto zdroje totiž čerpá radost činná láska ke všem lidem. Také naše první komunity se rodily z tiché kontemplace a kontemplaci bez jakýchkoliv pochyb byla dávána přednost přede vším ostatním a tak to má být i pro dcery, které se nazývají dcerami svaté Terezie, matky a učitelky života modlitby. Proto v duchu tereziánského Karmelu a podle stylu naší zakladatelky nade vše jiné hledáme a milujeme Boha, který nás miloval jako první.</div>
<p><strong><br />
</strong></p>
<ul>
<li><strong>Život ve společenství sester</strong></li>
</ul>
<p align="left">Spojeny vírou a láskou ke Kristu, jež jako první nás povolal do společenství sester<img decoding="async" id="image562" src="https://www.cestanahoru.org/wp-content/velka-skupina.thumbnail.jpg" alt="velka-skupina.jpg" align="right" /> karmelitek sv. Terezie, tvoříme specifickou „rodinu“, postavenou na základech evangelia. Chceme být „jedním srdcem a jednou duší“ a vytrvat ve společenství života, modlitby a apoštolátu, v životě, který se zakládá na „novém přikázání“ Krista ustanoveném v předvečer jeho umučení, když odhalil hloubku své lásky.“ Sesterská láska z nás činí společenství milosti v Pánu. Naše láska však, po Kristově vzoru, nemá být výlučná, ale otevírá se všem, bez výhrad, překonává osobní limity, rozdíly povah, věku, rolí a národností. Tvoří také základ přátelského ovzduší, které je rozvíjeno v upřímném porozumění a předpokládá pokoru, velkorysost a vzájemnou službu.</p>
<ul>
<li><strong>Apoštolská služba v církvi</strong></li>
</ul>
<div>Náš zasvěcený život je součástí života církve. Bůh charisma naší zakladatelky daroval církvi a je to církev, kdo přijímá naši odpověď na Boží povolání a právě v ní se zasvěcujeme jediné Lásce. Věrností svěřenému daru a úsilím obohatit ho vlastním životem jsme církví, jí sloužíme uskutečňujeme naše specifické poslání, tj. životem vnitřní modlitby a eucharistické adorace napomáhat druhým lidem k setkání s Kristem. Naše zakladatelka, vedena Duchem svatým, brzy spojila kontemplaci s činností, aby se harmonické propojení obou skutečností stalo základním rysem identity jejích dcer. Máme tedy v prvé řadě dbát o neustálou vnitřní modlitbu, jak tomu učí Karmel, a přitom se věnovat i apoštolské službě.</div>
<p align="left">Základ a úhelný kámen všech našich aktivit tvoří eucharistická adorace, kterou považujeme za náš první  apoštolský úkol. Vedle toho, ve stopách naší zakladatelky, která pro formaci mladých lidí nešetřila veškerým svým lidským a duchovním bohatstvím, považujeme za<img decoding="async" id="image563" src="https://www.cestanahoru.org/wp-content/postulantka-s-vecnou.thumbnail.jpg" alt="postulantka-s-vecnou.jpg" align="right" /> důležitou součást našeho apoštolátu výchovu a vzdělávání. S hlubokou úctou k lidské důstojnosti usilujeme o formaci člověka po lidské i duchovní stránce.</p>
<div>Jako karmelitky se snažíme poskytovat podporu druhým v jejich duchovním růstu, aby každý křesťan do středu své existence kladl osobu Ježíše Krista a všechny své volby konal v něm. Považujeme to za důležité pro všechen náš apoštolát a zvláště pro naše působení v exercičních domech apod. Přejeme si, aby v nich druzí měli podmínky, jež hostům napomáhají prohloubit vztah k Bohu a zralý pohled víry na svět, ve kterém žijeme.</div>

<p>Spiritualita našeho řádu Ustavičná modlitba Jsme povolány k následování Krista v řeholní rodině, kterou její zakladatelka už od počátku oživovala duchem modlitby tereziánského Karmelu, proto usilujeme žít v plnosti ideál ustavičné modlitby. Z tohoto zdroje totiž čerpá radost činná láska ke všem lidem. Také naše první komunity se rodily z tiché kontemplace a kontemplaci bez [&hellip;]</p>
